 20. Suppose -y = -5*h + 3*h. Suppose -15 = -5*g + 5*m, 3*g - 4*g = h*m - 28. What is the units digit of g?
8
Let v = -6 - -146. What is the tens digit of v?
4
Let h(f) = -151*f**3 + 2*f**2 + f. What is the hundreds digit of h(-1)?
1
Let a(y) = -y**3 - 11*y**2 - y + 1. Suppose -z + 3*z + 22 = 0. What is the units digit of a(z)?
2
Let y(u) = -u**2 - 24*u + 71. What is the units digit of y(-21)?
4
Let g be 2 + -1 - (11 + -1). Let m = 11 - g. Suppose -2*t + m = 5*q, 2*t = -t - 15. What is the units digit of q?
6
Let p(o) = -11*o**2 + 14*o + 12. Let z(y) = 4*y**2 - 5*y - 4. Let j(l) = -3*p(l) - 8*z(l). What is the tens digit of j(-4)?
2
Let j = 2 + -3. Let n = 5 + j. Suppose 0 = n*o - 2 - 10. What is the units digit of o?
3
Let f(o) = -14*o - 1. What is the tens digit of f(-2)?
2
Suppose 13 = -3*j + 73. What is the units digit of j?
0
Let a = -6 - -9. Suppose 2*u + 17 = a*o + 81, -o - 2 = 0. Let k = u + -20. What is the units digit of k?
9
Suppose 7*x - 3*x - t - 258 = 0, -2*x + 4*t + 122 = 0. What is the tens digit of x?
6
Suppose -248 = -2*o - 3*o + i, 15 = -5*i. What is the units digit of o?
9
Let j = 3 + 6. Suppose -2*t - o = -j, 8 = 3*t + 4*o - 13. What is the units digit of t?
3
Let v(q) = -q**3 + 8*q**2 - q + 9. Let x be v(8). Let h be (x - -2)/3 + 10. Let f = h + -2. What is the units digit of f?
9
What is the tens digit of ((-2)/((-4)/(-446)))/(-3 + 2)?
2
What is the hundreds digit of (2/1 - 201)*(-10 + 9)?
1
Let b = 13 - 13. Suppose 2*u + d + 4*d - 95 = 0, 3*d - 9 = b. What is the tens digit of u?
4
Suppose 3 = 2*u - 1, -5*u = -t + 107. What is the tens digit of t?
1
Suppose 2*n = g + 1 + 10, 4*g = 4*n - 24. Let u(j) = 2*j. Let v be u(n). Suppose 4*w = 26 + v. What is the units digit of w?
9
Suppose 5*u = -10, 3*v + 5*u + 6 = -4. Suppose 4*f + v*f = 48. Suppose 2*w = -x + 6, -3*x - f = -2*w - 2*w. What is the units digit of w?
3
Suppose -4 = -3*c - 7. Let x = c + 35. What is the units digit of x?
4
Suppose -4*c - 5*i - 1 = 0, 5*c = 4*i - 20 - 12. What is the tens digit of -4 + (-80)/(2 + c)?
3
Let q = -3 - 3. Let n be (-3)/(-9)*q/(-1). Suppose 6 = n*p - 0. What is the units digit of p?
3
Let u(o) = -7*o + 8. What is the tens digit of u(-17)?
2
Let u(r) = 2*r**3 - 8*r**2 + 8*r - 15. What is the units digit of u(6)?
7
Suppose 3*h = -4*a - 32, -33 = 2*h + a + 4*a. Let y = h - -12. What is the units digit of y?
8
Suppose -14 - 14 = -w + 4*g, -5*w = -3*g - 140. What is the units digit of w?
8
Suppose -3*x - 235 = -6*x + 2*g, -x + 69 = 4*g. What is the units digit of x?
7
Let g = -6 + 11. Let l = 14 + g. Let b = l + -13. What is the units digit of b?
6
Let f = 292 + -140. What is the hundreds digit of f?
1
Let x(m) = -13 - 15*m**3 + m + 2*m**2 + 13. What is the units digit of x(-1)?
6
Suppose -2*r = -3*y - 0*y + 7, 3*y + 5*r = 14. Suppose -y*h + 19 + 29 = 0. What is the units digit of h?
6
Suppose 4*a + 5*h = 305, 2*a + 335 = 7*a - 3*h. What is the units digit of a?
0
Suppose -5*c = -5*k + k + 43, -4*c - 38 = -2*k. Let s = c - -13. What is the units digit of s?
2
Suppose 5*b - 804 = -7*b. What is the tens digit of b?
6
Suppose s + 5 = 0, -4*k - 3*s = -141 + 52. Suppose -2*i + 6 = -k. What is the units digit of i?
6
Suppose -7 = -2*o + 3. Let v = -3 + o. Suppose v*g - 6 = 10. What is the units digit of g?
8
Let q = -122 - -255. What is the tens digit of q?
3
Let n be 6/3*(-2)/4. Suppose -4*g - 2*q = -9*g - 12, 0 = 2*g + 3*q + 20. Let o = n - g. What is the units digit of o?
3
Let f = -8 + 10. Suppose f = 3*b - b + 2*n, -3*n + 1 = 5*b. What is the units digit of 13 - (-1 - (-1 - b))?
4
Let u(v) = v**3 + 4*v**2 - 2*v - 2. Let d(l) = l**3 + 6*l**2 - 4. Let z be (5 + 1)*(-1 - 0). Let a be d(z). What is the units digit of u(a)?
6
Let b = -302 - -519. Suppose b = 5*y + 52. What is the units digit of y?
3
Let c(f) = 13*f - 3. What is the units digit of c(2)?
3
Let v = 154 + -76. What is the units digit of v?
8
Let g(k) = -k - 4. Let s be g(-6). Suppose -c = 3*i - 19, 3*c + s*i - 29 = -0*c. What is the units digit of c?
7
Suppose -34 = -3*u - 4. Let m = 8 + -6. Suppose 2*x + u = 0, -n + 4*x + 29 = m*n. What is the units digit of n?
3
Suppose -5*c + 66 = -14. Let q be (-2)/4*2 - 3. What is the units digit of (c/10)/(q/(-10))?
4
Let f(a) = -3*a**2 + 2*a**2 - 8 - 6*a - a. Let n be f(-7). Let p(m) = m**3 + 7*m**2 - 9*m - 4. What is the units digit of p(n)?
4
Suppose -j + r = -r + 10, 5*r - 27 = 3*j. What is the units digit of j/(-10) + 76/10?
8
Let w(l) = -l**2 + 12*l - 13. What is the tens digit of w(8)?
1
Suppose -g - 10 = -2*g. Suppose 0 = -2*w + g + 4. What is the units digit of w?
7
Let x be 3 - 3 - (3 + -1). Let b = x + 4. What is the units digit of b - (11 - 2)/(-3)?
5
Let c = 5 - 3. Suppose c*o = o + 4. What is the units digit of 4/6*42/o?
7
Let w = -17 - -34. What is the tens digit of w?
1
Suppose 0 = -v + 2*v + 3. Let o = -2 - v. Let j = 6 - o. What is the units digit of j?
5
Suppose 6*s = 2*s - b + 108, -8 = -s - 5*b. Suppose 3*r = -r - s. Let q(w) = -w**2 - 9*w - 5. What is the units digit of q(r)?
9
Let z = 104 - 66. Let s be (-2)/(-3) + z/6. Let i(d) = d**2 - 8*d + 9. What is the units digit of i(s)?
2
Let z be 6 - (-1 - -1)/1. Let f be (8/z)/((-1)/(-12)). Suppose 3 = a - 0*a, f = 2*r + 2*a. What is the units digit of r?
5
Let v = 117 + -51. What is the units digit of v?
6
Let c(r) be the first derivative of -2 + 4*r**2 - 5*r + 1/4*r**4 - 8/3*r**3. What is the units digit of c(7)?
2
Let c(k) = k**3 - 7*k**2 - 7*k - 5. Let o be c(8). Suppose 2*p = -4*t + 91 - 11, -3*t + 108 = o*p. What is the units digit of p?
2
Suppose -3*c + 3 = -12. Suppose -3*x - c = -53. Suppose 4*m = -0*m + x. What is the units digit of m?
4
What is the units digit of ((-603)/(-12))/(3/4)?
7
Suppose -643 = -7*a + 225. What is the tens digit of a?
2
Let d(v) be the second derivative of v**5/20 + v**4/2 - v**3/2 - 4*v**2 + v. Let q = -75 + 69. What is the units digit of d(q)?
0
Suppose 7*g - 4*g - 141 = 0. Let u = g - 25. What is the units digit of u?
2
Let j = -148 + 293. What is the units digit of j?
5
Let g(l) = l**3 + 6*l**2 - l - 6. Let o be g(-6). Suppose f - 25 = -o*f. What is the units digit of f?
5
Suppose -5*x = -0*x. Suppose -9*c + 7*c + 44 = x. What is the tens digit of c?
2
Let g(l) = 2*l - 1. Let b be g(3). Suppose 8 = q - b*h - 3, -3*q - h = -33. What is the units digit of q?
1
What is the units digit of (76/3)/(4 - (-406)/(-105))?
0
Suppose p + 20 = 5*t + 5*p, 0 = 3*p. Suppose -6 = -3*j - 3*w, t*j - 3*w - 20 = -5. What is the units digit of j?
3
Let x be (2 - 0) + 4 + -3. Let s be x*(1 - (0 - 0)). What is the units digit of 115/15 - 2/s?
7
Let z(u) = u**3 + 4*u**2 + 9*u - 3. Let q(g) = -g**3 - 3*g**2 - 9*g + 4. Let a(r) = -4*q(r) - 5*z(r). Suppose 0*b = 2*b + 14. What is the units digit of a(b)?
3
Suppose 2*n = 5*d - 155, 0*n = -5*n + 25. Suppose 4*p - p - d = 0. What is the tens digit of p?
1
Let x(l) = l**2 + l + 1. Let h be ((-21)/(-28))/(1/(-12)). Let w be (1/3)/(3/h). What is the units digit of x(w)?
1
Let q(n) = -n**3 + 8*n**2 - 8*n + 8. Let v(z) = -z**2 + 9*z - 9. Let y be v(7). Let l(w) = w**2 - 3*w - 3. Let s be l(y). What is the units digit of q(s)?
1
Suppose 0 = -22*q + 25*q - 651. What is the units digit of q?
7
Let v be (-3)/(-3) + -2 - -2. Let x(b) = -19*b**3 - b**2. Let z be x(v). What is the tens digit of (-212)/z - 6/10?
1
Let q be -6*(-2)/(-15)*-15. Suppose 3*i - 7 = 4*g, i + g - 3*g = 1. Let k = q - i. What is the units digit of k?
7
Let v(w) = 16*w**2 + w. Let o be (-4)/8 + 6/4. Let i be v(o). Suppose i - 5 = 2*c. What is the units digit of c?
6
Let s(k) = -26*k + k**2 + 7*k**2 + 23*k + k**2 - k**3. What is the tens digit of s(8)?
4
Suppose 2*x = -3*x + 15. Suppose -2*i - x*i + 86 = -4*y, -2*i = 2*y - 20. What is the units digit of i?
4
Let s = 1 - -59. What is the units digit of s?
0
Suppose 3*o = o + 116. Suppose 2*t = 2*g + 32, -2*g + 15 + o = 3*t. Let d = t - 12. What is the units digit of d?
9
Let r be (9 + -7)/(4/(-6)). Let u = r + 4. What is the units digit of u?
1
Suppose -26 - 42 = -4*s. What is the tens digit of s?
1
Let s be -37 + (-2 - -1) + 3. Let k = s - -69. What is the tens digit of k?
3
Suppose 3*t - 10 = 11. Suppose -2*q + t = a - 0*q, -2*q + 41 = 3*a. What is the units digit of a?
7
Suppose -6*k = -36 - 24. What i